 18, -2*h - r + 27 = q. Let u = h + -5. Calculate the greatest common divisor of u and 20.
4
Suppose 57 + 73 = 5*b. Suppose 2*d = -0*d - 36. Let q = d + b. What is the greatest common factor of 20 and q?
4
Let l = -61 - -89. Suppose -y + 32 = y. Suppose 0 = 4*g - 0*g - y. Calculate the highest common divisor of l and g.
4
Suppose 0 = 2*a - a - 21. Let l = -114 - -121. What is the highest common divisor of a and l?
7
Suppose -5 - 13 = -y - m, -4*m = -y + 23. Calculate the highest common divisor of 152 and y.
19
Suppose 37 = 2*k - 5. Let g be ((-2)/(-4))/(1/28). Calculate the greatest common factor of k and g.
7
Let u = -47 + 53. Let p = 17 - -25. What is the greatest common factor of u and p?
6
Let s = -2 - -7. Suppose -2*i = -5*t + 10, 1 - 18 = -s*i + 2*t. Suppose i + 40 = 5*q. What is the highest common divisor of 9 and q?
9
Suppose f = 4*l - 66, -2*l = 2*l + f - 62. What is the highest common divisor of l and 16?
16
Suppose -3*b - t - 62 = t, -3*t = -2*b - 37. Let u be (15/(-12))/(1/b). Suppose -4*h - h = -u. Calculate the greatest common factor of 20 and h.
5
Suppose 3*o = 5*o - 40. Let l be (-3 - -13) + 0 + 0. What is the greatest common divisor of l and o?
10
Let u(k) be the first derivative of -2*k**2 - 1 + 2/3*k**3 + 0*k. Let a be u(3). What is the greatest common factor of a and 4?
2
Suppose -11*m = -10*m - 54. Calculate the greatest common factor of 135 and m.
27
Suppose 26 = 5*x + 2*s - 13, -5*x = 4*s - 43. Let j = 6 - 4. Suppose 0 = -p - 3*l - 2, 5*l = j*p - 6*p + 13. What is the greatest common factor of p and x?
7
Suppose -4*x + 3*g = 4*g + 40, 5*g = 0. Let s(w) = w**3 + 9*w**2 - 11*w + 1. Let q be s(x). Let p = -10 + 54. Calculate the greatest common factor of p and q.
11
Suppose -6*y + 113 = 41. What is the highest common divisor of 4 and y?
4
Let x = 98 - 90. Calculate the greatest common divisor of 24 and x.
8
Suppose 3*z - 960 = -2*z. Calculate the greatest common factor of 24 and z.
24
Let u = -6 - -7. Let i be ((-6)/4)/(u/4). Let k be 35/(-2)*i/5. Calculate the greatest common divisor of k and 7.
7
Let c = 14 + -9. Suppose 4*t = c*t - 16. Calculate the highest common divisor of 24 and t.
8
Let i(l) = 14*l**2 + l + 2. Let d be i(-1). Calculate the greatest common divisor of 135 and d.
15
Let l = -44 - -17. Let m = l + 102. Suppose 4*d - y + 0*y = 124, 4*d - 132 = 3*y. Calculate the highest common factor of m and d.
15
Let c be (-235)/(-15) - ((-8)/(-3) - 2). Calculate the greatest common factor of c and 30.
15
Let r be 4/(-10) + (-728)/(-20). Suppose -6*i + r = -2*i. Suppose -2*d + 419 + 78 = 5*g, -5*g + 496 = d. Calculate the greatest common factor of g and i.
9
Let t be 8/20 + (-106)/(-10). What is the highest common factor of t and 44?
11
Let d = 23 - 20. Let h = 3 - -3. Suppose 0 = -r + h - d. What is the highest common factor of 1 and r?
1
Let i be 1231/3 - (-2)/(-6). Suppose -3*p = 5*k + 128 - i, -3*k - 207 = -2*p. What is the highest common factor of 9 and p?
9
Let u = -19 - -30. Calculate the greatest common factor of u and 44.
11
Suppose 0 = -5*r + 3*s + 19, -2*r + 14 = -3*s + 1. Suppose -r*t - 4*t = -42. What is the greatest common factor of 1 and t?
1
Suppose t + m = 4*t - 158, 4*t - 5*m - 196 = 0. Calculate the highest common divisor of t and 432.
54
Let n(j) = 338*j - 1. Let g be n(2). Let s be g/3*3/3. Suppose -s = -2*x - 3*x. What is the greatest common divisor of x and 18?
9
Suppose 2*v - 12 = 3*f, 3*v + 2*v = -4*f + 53. Suppose 4*a + v = 21. Calculate the greatest common divisor of 33 and a.
3
Let b(f) = 2*f**2 + 3*f - 9. Let g be b(-5). Let y be (g/(-2))/(-9 + 8). Calculate the greatest common divisor of 117 and y.
13
Let s = 8 - 2. Let d be (-2)/(-2) + (s - 2). Suppose d*v - 10 = 5. What is the highest common divisor of 3 and v?
3
Let p = -40 - -46. What is the highest common factor of p and 9?
3
Let m = 5 - -7. Let k = -140 + 170. Calculate the greatest common factor of k and m.
6
Let y = 182 + 61. Calculate the highest common factor of 27 and y.
27
Let c = -1 + 2. Suppose 71 = 5*d + 4*w, 0*w - c = d - 3*w. What is the highest common factor of d and 121?
11
Suppose -a = 3*k - 4*k, -2*k = -a - 2. Let r be a/6 - (-116)/12. Let o = 44 - 14. What is the greatest common factor of r and o?
10
Suppose -100 = 5*q - q. Let h be ((-24)/(-10))/((-5)/q). What is the greatest common divisor of h and 132?
12
Suppose -2*c + g + 59 = -6*c, 5*c - 2*g + 64 = 0. Suppose 5*x - 119 = -19. Let r = x + c. What is the greatest common factor of r and 6?
6
Let l(c) = 10*c + 6. Let r = 16 - 10. Let s be l(r). Suppose 13*t - 24 = 9*t. Calculate the highest common factor of s and t.
6
Let c(l) = 2*l**3 + l**2 - l - 4. Let g be c(3). Suppose 3*b - 5*x - 11 = 0, 4*x = 3*b - 18 + 5. What is the highest common factor of g and b?
7
Let v(x) = x**3 - 6*x**2 + x - 2. Let k be v(6). Let c be (9/(-6))/(12/(-288)). What is the highest common divisor of k and c?
4
Suppose -7*m = -574 - 21. Suppose 5*b + m = 10*b. Calculate the greatest common divisor of 119 and b.
17
Suppose -63 = 5*x - 363. What is the greatest common factor of 24 and x?
12
Let a(x) = -x**3 + 7*x**2 - 4*x - 8. Let z be a(6). Suppose 13 = -3*d - 383. Let o be d/(-21) - (-2)/(-7). What is the greatest common factor of o and z?
2
Let t be (-3)/((-30)/(-28))*-5. Let z(y) = -23*y + 27*y - 3 + 0*y**3 + 2*y**3. Let g be z(2). Calculate the greatest common factor of g and t.
7
Let f be ((-6)/4 + 2)*24. Calculate the highest common factor of f and 4.
4
Suppose 3*m - 5 + 2 = 0. Let b(f) = 4*f - 15. Let o be b(6). Calculate the highest common divisor of m and o.
1
Let q = 44 + -28. Calculate the highest common factor of q and 40.
8
Let p be ((-21)/5)/((-11)/275). Calculate the highest common factor of 21 and p.
21
Let u(y) = -2*y**2 + 29. Let w(b) = b**2 - 15. Let f(q) = 4*u(q) + 7*w(q). Let l be f(0). Calculate the greatest common divisor of l and 11.
11
Let g be (0 - 1*-130) + -2. Calculate the highest common divisor of 16 and g.
16
Suppose p - 5*x - 15 = 0, 3*p = -5*x - 0*x + 65. Calculate the highest common divisor of p and 20.
20
Let y = 0 - 0. Suppose y = -0*q + 2*q - 26. Calculate the highest common factor of q and 143.
13
Let c = -61 + 89. What is the greatest common factor of 42 and c?
14
Let s(i) = -i**3 + 6*i**2 - 2*i + 11. Let m be s(5). What is the highest common factor of 26 and m?
26
Let h(n) = -5*n - 9. Let l be h(-4). Suppose 160 + 174 = 2*d. Suppose -3*v - 35 + d = 0. What is the highest common divisor of l and v?
11
Suppose -3*n + 235 = 2*n. Suppose -25 = -3*y + n. What is the greatest common divisor of y and 12?
12
Suppose 504 = -6*m + 20*m. Let t(b) = -13*b - 2. Let l be t(-2). What is the highest common factor of m and l?
12
Suppose -4*q - 2*g - 2*g + 4 = 0, 11 = 5*q - g. Suppose -q*f + 9 = 2*u - 33, -u = -2*f + 30. Let w = 94 + -26. Calculate the highest common factor of f and w.
17
Let c = 71 - 35. Calculate the greatest common divisor of 36 and c.
36
Let k = 22 - 16. Let m be (2 - (-1)/(-2))*36. What is the highest common factor of m and k?
6
Let s = 53 + -18. Suppose -y = -5*o - s, 5*y - 3*o - 112 = o. What is the highest common divisor of 10 and y?
10
Let c(s) = 0 - 2 - 2 - 3 - 5*s. Let m be c(-11). Calculate the greatest common factor of m and 12.
12
Let h(g) = 31*g + 2. Let u be h(2). What is the highest common divisor of u and 16?
16
Let r be (1 - 1)/(-4 + 2). Suppose r = 5*a - 17 - 18. Suppose z - 6*z = -280. Calculate the highest common divisor of z and a.
7
Let p(c) = -2*c - 6. Let s be p(-8). Calculate the highest common factor of s and 25.
5
Let x = 27 + -14. What is the greatest common divisor of x and 91?
13
Let q = 35 + -15. What is the highest common factor of q and 8?
4
Suppose -4*k = -5*i - 16, 2*k - 3*i + i - 8 = 0. Calculate the greatest common factor of k and 44.
4
Suppose 17 + 5 = 2*p - 3*s, -5*s = -p + 18. Let d = p - -1. What is the highest common divisor of 45 and d?
9
Suppose -4*h + 2*k + 88 = 0, -4*h + 3*k = -2*h - 44. Suppose -2*i + 94 = -4*n, -2*i + 0*i + 122 = 3*n. What is the greatest common factor of h and i?
11
Suppose 0 = -2*l + o + 83, -5*o = -8*l + 3*l + 220. What is the highest common divisor of 26 and l?
13
Let o = 7 - 2. Let g(h) = 8*h - 3. Let q be g(o). Suppose -6 = 2*r, -2*b + 102 + q = 5*r. What is the highest common 